of z?
1
Suppose 2037 = 5*d + 4*k - 2038, 0 = 5*d + 3*k - 4080. Suppose 6*y - 6831 = -d. What is the units digit of y?
2
Let z(y) = -y**3 - 3*y**2 - 4*y. Let c be (4/3)/(2/(-6)) + 1. Let d be z(c). Suppose -2*g + 32 = -d. What is the tens digit of g?
2
Let p(l) = -l**2 + 15*l + 42. Let z be p(18). What is the units digit of (z/(-14))/((-30)/(-70))?
2
Suppose 217*c - 223*c - 5514 = 0. Let j = -581 - c. What is the hundreds digit of j?
3
Let h be (-11 - -6) + 3791 - -4. Let z = h - 2270. What is the hundreds digit of z?
5
Let u = -4 - -8. Suppose u - 10 = 3*v. What is the tens digit of v - ((-21 - -2) + -1)?
1
Suppose -3*v - v + 5*k - 85 = 0, k + 19 = -v. What is the units digit of v/4 + (3 - -145)?
3
Let q = 1285 - 517. Suppose 0*f = -i - 4*f + 44, -f + 239 = 5*i. Suppose -q = -4*b - i. What is the units digit of b?
0
Suppose -2*x - 5 = 5*n - 0, 0 = 4*x + n - 35. Suppose 0 = -6*q + x*q - 5036. What is the units digit of q/6 - 3 - 2/(-12)?
7
Suppose 2*v - 656 = 2*i, -12*v + 15 = -7*v. Let s = 675 + i. What is the tens digit of s?
5
Let m = 8423 - 6199. What is the thousands digit of m?
2
Let r be (-8)/2*(-3)/30*-5. What is the tens digit of 18402/54 - -8 - r/9?
4
Let c(i) = 3*i**3 - 8*i**2 - 3*i - 65. Let s be c(8). Suppose -3485 - s = -5*y. What is the units digit of y?
4
Let n = -357 - -2729. What is the units digit of n?
2
Suppose 0 = v - 3*a - 3621, 261*a + 25 = 256*a. What is the hundreds digit of v?
6
Let h(x) = -5*x + 55. Let j be h(11). Suppose 5*d - d - k - 779 = j, -3*d + k = -585. What is the tens digit of d?
9
Let z = 31853 + -21672. What is the thousands digit of z?
0
Let d(v) = 88*v**3 - 2*v**2 - v + 2. Let r be d(1). Suppose 92*h = r*h + 4425. What is the units digit of h?
5
What is the hundreds digit of (-697920)/(-112)*63/18?
8
Let w = 2828 - -315. What is the hundreds digit of w?
1
Let j be (107/(-2))/(2/(-8)) + 3. Let f be 2107/(-21) + (-4)/6. Let m = j + f. What is the units digit of m?
6
Suppose -f = 1 + 2, -27 = -2*q + f. Let t = -9 + q. Suppose 0 = 5*i + 4*n - 322, t*n - 2*n = 3*i - 200. What is the tens digit of i?
6
Let d = 111 + -119. What is the units digit of (-20)/(8/d) + 3 + 0?
3
Suppose -y + 42 = 5*y. Suppose -5*u = 3*n - y*n - 3133, 0 = -3*u - 3*n + 1869. What is the units digit of u?
5
Let b(h) = 3*h**2 + 20*h + 4. Let s be b(-12). Let j = -31 + s. What is the units digit of j?
5
Suppose -4*s = 21*s - 242075. Suppose 23*t - 26197 = -s. What is the units digit of t?
8
Let i(k) = 93*k**2 - 8*k - 9. Let r(g) = -2*g - 61. Let n be r(-29). What is the hundreds digit of i(n)?
8
Let x(m) = -3*m + 58. Let n be x(9). Let h(b) = 6*b - 92. What is the tens digit of h(n)?
9
Let n(v) = 18*v**2 + 53*v + 1252. What is the units digit of n(-28)?
0
Let d = 134 - 188. Let c = -25 - d. Let s = c + 7. What is the units digit of s?
6
Let b be 10856/64 + 1*(-6)/(-16). Let v = 236 - b. What is the units digit of v?
6
Suppose -5*b + 2*d = d - 182, -5*b = 4*d - 172. Let c = 34 - b. What is the tens digit of (c + (-100)/(-6))/(1/3)?
4
Suppose 308*s = 363*s - 27445. What is the tens digit of s?
9
Suppose 9681 = -7*t + 3192. Let m = t - -1424. What is the tens digit of m?
9
Let r = 15 - -12. Suppose 4*n - 32 - 8 = -4*j, n - 5*j - 28 = 0. Let f = r - n. What is the units digit of f?
4
Let p = 474 + -234. Suppose -81*k - p = -86*k. Suppose 9*r - 6*r = k. What is the tens digit of r?
1
Suppose 12705 - 2824 = x + 4*s, -3 = 3*s. What is the tens digit of x?
8
Suppose 42666 = 2*g - 2*f, -2*g + 3*f + 20507 = -22154. What is the units digit of g?
8
What is the hundreds digit of (-7)/(21/(-18)) + 5111 - -8?
1
Suppose -580 = -2*f + 2*l, -4*l - l = -2*f + 577. Suppose 3*h - f - 288 = 0. What is the hundreds digit of h?
1
Let a(m) = 7*m. Let g be a(6). Let s be (-14)/(-49)*-7*(4 - 1). Let q = g - s. What is the tens digit of q?
4
What is the units digit of (76/95)/((-8)/(-158780))?
8
Let g(f) be the third derivative of f**6/120 - f**5/20 + 5*f**4/12 + 13*f**3/6 + 7*f**2. What is the units digit of g(6)?
1
Suppose -5*y + 4*j + 73 = -2*y, -4*y - 3*j = -64. Let z = -16 + y. Suppose -4*n + 325 = -5*a, 5*n + z*a + 0*a - 360 = 0. What is the units digit of n?
5
Let m = 471 - 236. Suppose -24*i + 149 = -m. What is the units digit of i?
6
Suppose 3*i - 145 = 4*x, x - 3*i = -i - 40. What is the hundreds digit of ((-2)/5)/(x/29410)?
3
What is the units digit of -1 + 630 - (200 - 200)?
9
Let f(x) = -x - 14. Let u be f(-15). Let i be (6/(-5))/(u + 39/(-30)). Suppose -h + 2*k = 2*h - 93, i*h + 4*k = 144. What is the units digit of h?
3
Let b be -3 - -6*5 - -5. Suppose -u = -b + 24. Suppose u*a = -5*a + 2314. What is the tens digit of a?
7
Suppose 3*x - 468 = 16*x. What is the tens digit of (-592)/(-3) + x/(-54)?
9
Let l(n) be the first derivative of 126*n + 9 + 5/2*n**2. What is the tens digit of l(0)?
2
Let d = -235 + 241. Let y(c) = 58*c + 122. What is the units digit of y(d)?
0
Suppose 1166 = 7*u + 186. Let s be (110/u - (-4)/(-14))*20. Let z(o) = -o**3 + 12*o**2 + 3*o + 15. What is the tens digit of z(s)?
4
Suppose -290*s - 308*s = -623*s + 205250. What is the thousands digit of s?
8
What is the tens digit of ((-829375)/(-30))/5 - (300/72 + -4)?
2
Suppose -4*y - 49520 = -4*x, -52*x - 5*y = -51*x - 12392. What is the tens digit of x?
8
Let u be 6*-5*(-16)/6. Let g = 80 - u. Suppose -r + 5*r - p = 872, g = 3*r - 5*p - 637. What is the tens digit of r?
1
Suppose -3*r - 3 = -4*r + 4*d, -2*d + 9 = r. Suppose -r*m - 11 = -4. What is the tens digit of (m + 2)/((-1)/(-151))?
5
Suppose 0 = -2*k + 3*w + 69572, 0 = -72*k + 67*k + 2*w + 173930. What is the ten thousands digit of k?
3
Let f(y) = -40*y + 37. Let r = -30 + 25. What is the tens digit of f(r)?
3
Suppose -33*h + 319255 + 1040229 = 59*h. What is the units digit of h?
7
Let z = -7052 + 12930. What is the hundreds digit of z?
8
Let t = 177 - 91. Suppose 0*i = i - 4*c - 22, -t = -5*i - 4*c. What is the tens digit of (-4)/6 + 1434/i?
7
Let v = 225 - 134. What is the hundreds digit of v/2*6*54/63?
2
Let p(t) = -t**2 - 14*t - 20. Let n be p(-10). Let i = 320 + n. What is the tens digit of i?
4
Let a(w) = -3*w + 22*w + 22*w - 102*w - 84. What is the units digit of a(-14)?
0
Let b(j) be the third derivative of j**4/6 + 19*j**3/2 + 71*j**2. What is the hundreds digit of b(20)?
1
Suppose 2*h + 45 + 8 = i, i + 1 = 0. Let q(x) = -46*x - 233. What is the thousands digit of q(h)?
1
Let r(u) = -2*u**2 - 4*u - 13. Let n(c) = -c**2 - 5*c - 13. Let p(z) = 3*n(z) - 2*r(z). Let k be p(10). Let o = k - -4. What is the tens digit of o?
2
Let k(v) = -2 + 4 + 4 + 9 - 36*v. What is the tens digit of k(-6)?
3
What is the thousands digit of (-37868)/10*(9 - 17 - -3)?
8
Let a be (40/6)/((-55)/(-18315)). Suppose -5*l + 2*j + j + a = 0, -5*j = -2*l + 869. What is the tens digit of l?
4
Let c(o) = -o**3 + 8*o**2 + 20*o + 21. Let d be c(9). Let m = 136 + d. What is the tens digit of m?
5
Let y(c) = -c**3 - c**2 - c - 2. Let k(n) = -n**3 - 2*n**2 - n + 20. Let l(f) = k(f) - 2*y(f). Suppose 4*h + h = 0. What is the tens digit of l(h)?
2
Suppose 646*k - d + 67857 = 649*k, 2*k = 4*d + 45210. What is the ten thousands digit of k?
2
Let l = 596 - 606. What is the units digit of (-10448)/(80/l) - 0?
6
Suppose -l - j - 937 + 11524 = 0, -3*j = 5*l - 52949. What is the ten thousands digit of l?
1
Let x = 72141 - 34948. What is the units digit of x?
3
Let c be 8*(92/(-16) - -3 - -3). Suppose -c*b - 170 = -3*b. What is the tens digit of b?
7
Suppose -3 = 4*j + n - 8, -2*n = 5*j - 4. Suppose 2*s - 173 - 5 = 0. Suppose 4*b + t - 370 = s, t - 227 = -j*b. What is the hundreds digit of b?
1
Let b(u) = 36*u**2 + 21*u + 807. What is the ten thousands digit of b(-39)?
5
Let o = -63482 - -107148. What is the tens digit of o?
6
Suppose -19*t + 29 = 10. What is the tens digit of (-4 - 2/t) + 753?
4
Suppose 2704*v + 12 = 2716*v. Let c(s) = -s - 4. Let l be c(-6). What is the units digit of (-3 + 2 - -43) + (l - v)?
3
Let y(q) = 3416*q + 479. What is the thousands digit of y(3)?
0
Let v(s) = -s - 6. Let i be v(-6). Suppose 54*d - 49*d - 640 = i. What is the tens digit of d/(10/5) - 3?
6
Suppose 448 = -273*v + 280*v. Let h = v - 4. What is the units digit of h?
0
Let o = -1350 + 1934. Let i = o - -168. What is the tens digit of i?
5
Suppose -8 + 2 = t. Let v(x) = -9